ctors of r.
2, 3
What are the prime factors of 2230/2*((-102)/(-30) - -4)?
37, 223
Let f(a) = -a**3 + 12*a**2 + 39. Let z be f(12). Let t be 3848/z + 2/6. Suppose 12 = -4*v, -4*v - 117 - t = -2*b. List the prime factors of b.
2, 3, 17
Let f = -60634 - -124749. List the prime factors of f.
5, 12823
Let z be 0/3 - 37*-1. Let i = 9772 - 9671. Let c = i + z. What are the prime factors of c?
2, 3, 23
Let n = -84 - -187. Let v = -9 + n. What are the prime factors of v?
2, 47
Suppose 0 = -42*v + 26*v + 128288. List the prime factors of v.
2, 19, 211
Suppose -5053 = 6*g + 2681. Let d = -836 - g. What are the prime factors of d?
3, 151
Let l(z) = -136*z**2 + 2*z. Let q be l(-3). Let r be (-18)/27 + q/(-9). Suppose -3*o + r = -o. What are the prime factors of o?
2, 17
Let h be ((-10)/(-6) + -2)*39. Let w(u) = 10*u - 10*u**3 - 8*u**3 - 12*u**2 - 14 - 6*u**3 + 23*u**3. List the prime factors of w(h).
5
Let z = 2719 - 1056. List the prime factors of z.
1663
Suppose 6*w - 67 - 65 = 0. Let j = -17 + w. Suppose 622 = j*h + 22. What are the prime factors of h?
2, 3, 5
What are the prime factors of (19 - 51588/48)*(-4)/1?
41, 103
Let f = 125 + -65. Let k = 363 - f. What are the prime factors of k?
3, 101
Let m = -7 + 293. Suppose -l - 5*y = -m, 31*l - y + 274 = 32*l. List the prime factors of l.
271
Let o = -2 + 7. Let v = -100 - -162. Suppose -g - o*c = -68, 2*g - 92 = -c + v. What are the prime factors of g?
2, 3, 13
Let u(i) = 56*i**2 + 72*i + 1134. List the prime factors of u(-16).
2, 7159
Let s be (-1878)/(-12) - (-14)/4. What are the prime factors of ((-33840)/s)/((-2)/12)?
3, 47
What are the prime factors of (-27)/(-45)*1*-10 - -56651?
5, 11329
Suppose 7*y - 345 + 1240 = -561. Let l(o) = o**3 - 6*o**2 + 3*o + 5. Let h be l(4). List the prime factors of (-72)/(y/240 + 2/h).
2, 3
Let i be 0*1/2*1. Let j(v) = 8 + 4*v**2 - v - 2*v**2 + 23. What are the prime factors of j(i)?
31
Let k = 88 + -88. What are the prime factors of 221 + -3 + k + -1 + 0?
7, 31
Let b = 147 + -137. What are the prime factors of (-44)/b*5/(-1)?
2, 11
Let u be 4/2 - 17*-6. Let k(t) = -2*t + 199 - u - 99. List the prime factors of k(-7).
2, 5
Let m(s) = -s**2 + 21*s + 20. Let c be m(22). What are the prime factors of (7 - c)/(1/82*2)?
3, 41
Let m be (-128)/(-4)*3/6. Suppose -m*n + 10*n = -4*p - 7512, -4*p = -5*n + 6262. What are the prime factors of n?
2, 5
Suppose -2*a + r + 19539 + 24595 = 0, 5*a - 5*r - 110325 = 0. Suppose -18*y = -a - 4715. What are the prime factors of y?
2, 3, 31
Let t = 27636 + -18952. What are the prime factors of t?
2, 13, 167
Suppose 8 - 2 = 3*u. Suppose -208 = g + z, -3*z + 412 = -u*g - 4*z. Let r = -83 - g. What are the prime factors of r?
11
Let c(v) = v**2 - v + 15. Suppose w - 5 - 26 = 4*z, 4*z + 25 = -w. Let k be c(z). What are the prime factors of k/(-2 + (28/3)/4)?
3, 71
Suppose 36*j - 47*j = -28*j + 38641. List the prime factors of j.
2273
Suppose 252*n - 908 - 806 - 1058 = 0. Suppose -3 = 2*o - 11. Suppose 2*i - 4*l - 504 = 0, 0 = -o*i - 7*l + n*l + 1024. What are the prime factors of i?
2, 5, 13
Suppose -60 = -3*h + 12. Suppose -10*n + h*n - 1400 = 0. What are the prime factors of n?
2, 5
Suppose 0 = 2*u - 8, u + 2 = -q + 2*u. Let v be 1/((10/(-1520))/(q/(-4))). Suppose 0 = 44*l - 42*l - v. What are the prime factors of l?
2, 19
Suppose -201*o + 1699271 = -75*o - 77*o. What are the prime factors of o?
34679
Let u(j) = 32*j**3 + 9*j**2 - 28*j - 420. What are the prime factors of u(12)?
2, 3, 11, 47
Let n = 1989 - 195. Let u = n + -911. What are the prime factors of u?
883
Suppose -3*a = 3*a - 24. Suppose -7 = -a*m - 5*o + 20, 2*m - 15 = -o. Let q(z) = 18*z - 14. List the prime factors of q(m).
2, 5, 13
Let i = -5021 - -3402. Let j = -1100 - i. List the prime factors of j.
3, 173
Let n(k) = -14*k**2 + 1173*k + 147. What are the prime factors of n(64)?
5, 11, 13
Suppose 4 = 4*t - 3*t. Let p be (t*((-28)/(-16) + -2))/(-1). List the prime factors of (2 + p)/(((-6)/(-258))/1).
3, 43
Let d(b) = -175*b + 25. Let v be d(10). Let t be 1/(-5*5/v). Suppose 3*n - t = 18. List the prime factors of n.
29
Suppose -5*w + 5*j + 40 = 0, 0 = -17*w + 18*w + 4*j + 22. Let p be (-2)/(-1)*2/4. What are the prime factors of 227 + -9 - (p - w)?
3, 73
Let w be (32/(-24))/((-2)/606). Let y = w + -99. Suppose 280 = 4*g - 4*p, -p + y = -g + 5*g. What are the prime factors of g?
3, 5
Suppose -4*n - 2*f + 6 = 0, -2*n - 8*f + 1 = -5*f. Suppose n*g - 210 = -g. List the prime factors of g.
2, 5, 7
Let c(f) = -f**3 - 22*f**2 + 54*f + 9. Let d be c(-24). Suppose 4*y - 14 - 12 = 5*w, 5*y = -4*w - 29. What are the prime factors of (3/(w/(-4)))/((-3)/d)?
2, 3, 5
Let a(w) = 1516*w**3 - 5*w**2 - 6*w + 39. List the prime factors of a(3).
2, 3, 7, 487
Let t = -37792 - -54212. List the prime factors of t.
2, 5, 821
Let a(b) = 3*b**2 + 5*b**2 - 129*b - b**3 + 16 - b**2 + 125*b. What are the prime factors of a(-7)?
2, 5, 73
Suppose -94095 = -29*t - 16*t. List the prime factors of t.
3, 17, 41
Suppose -3*l = 11 + 4, o - 4*l = 1. Let n(z) = -9*z + 8. Let d be n(o). Let w = d - 103. List the prime factors of w.
2, 19
Suppose 5*h = -7*a + 104891, 4*h - 59932 = 4*a - 8*a. List the prime factors of a.
2, 3, 1249
Let r(b) = -b**2 + 9*b + 26. Let q be r(11). Suppose 3 = -4*h - 17, -h = q*t - 31. Suppose -4*j + t*j - 175 = 0. What are the prime factors of j?
5, 7
Let g(k) = 5*k. Let p be g(6). Let u = p - 17. Suppose 2*v - u = 299. What are the prime factors of v?
2, 3, 13
Let z be 0*4/(-6)*(-27)/36. Suppose -l - 5 = -z, i - 4*l = 1221. What are the prime factors of i?
1201
Let a(y) = 9*y**2 + 2*y + 52. Let s be a(-6). Let f = s + 70. What are the prime factors of f?
2, 7, 31
Let h = -344 - -346. Suppose -3*u + 4*a + 175 = 22, 0 = 4*u + 3*a - 204. Suppose -21 = -h*m + u. List the prime factors of m.
2, 3
Let g(s) = 2*s**2 + 7 + 0 + 10*s**2 + 6*s**2 - 2 + 29*s. What are the prime factors of g(-4)?
3, 59
Let l = 36 + -12. Let s = -1173 + 1175. Suppose -b + 4*j + 100 = l, 128 = s*b - 2*j. What are the prime factors of b?
2, 3, 5
Suppose 5*s - 2371 = -2*i + 2*s, 5*s = 5. Let n = -767 + i. What are the prime factors of n?
3, 139
Let i be 2/(-9 + -7 + 15). What are the prime factors of (-1)/i + 367584/192?
5, 383
Let o(f) = -f**3 - f + 1719. Let u be o(0). Suppose 5*i = u + 826. Suppose 3*s - 637 = 5*z, 5*s - i = -4*z + 491. List the prime factors of s.
2, 3, 17
List the prime factors of (-2 + 5)/((-32)/16)*-1594.
3, 797
List the prime factors of 1 - (-1 + 352*(-205)/(-10)*-1).
2, 3, 401
Suppose 3 = 3*d - 6. Suppose 5*v - 27 = 456*o - 459*o, 5*o = -5*v + 35. Suppose -v*j + 2*j - 104 = -d*t, -5*t - j = -184. What are the prime factors of t?
2, 3
Suppose -3*f = g - 11, -3*f - 4*g + 14 = -6*f. Suppose f*m = -4*s + 1100, 2*m + 805 + 287 = 4*s. List the prime factors of s.
2, 137
Suppose 11 = -5*v - l - 25, l - 6 = v. Let u(o) = -10*o - 7. Let q(y) = -50*y - 34. Let k(f) = 6*q(f) - 28*u(f). List the prime factors of k(v).
2, 3, 11
Let m(d) = 154*d**2 + 23*d - 61. Let v be m(3). Suppose 4267 = 9*p - v. What are the prime factors of p?
17, 37
Let r = 82 + -42. Let u = 45 - r. Suppose 0 = -u*g + 8*g - 225. What are the prime factors of g?
3, 5
Let w = 1271 - -66. Suppose -5*q - 88 = m - 338, -4*q = -5*m + w. List the prime factors of m.
5, 53
Let g = -633 - -633. Suppose g = 7*z - 555 - 1195. List the prime factors of z.
2, 5
Let h = 15 - 9. Suppose -6 - h = 2*i. List the prime factors of 5 + 3/(i/4) - -36.
3, 13
Let i(m) = -149*m**3 - m**2 - 2*m - 1. Let b be i(-1). Suppose b - 774 = -5*v. Suppose 5*u + w - 100 = -5, 5*w = 5*u - v. List the prime factors of u.
2, 5
Let m(x) = x**2 - 15*x - 1. Let n be m(15). Let w be 10/(3 + n - (1 + -1)). Suppose -3*r = -5*p - 461, w*r + p + 305 = 7*r. List the prime factors of r.
2, 19
Let i(v) = 5*v + 107. Let f be i(-25). What are the prime factors of (-6)/(-27) - 5144/f?
2, 11, 13
Let b = -329 - -3651. List the prime factors of b.
2, 11, 151
Let k(b) = 5*b**3 + 8*b**2 + 13*b - 3. Let f(q) = q**3 - q**2. Let r(p) = 3*f(p) - k(p). What are the prime factors of r(-6)?
3, 13
Let g = 9702 - 3090. List the prime factors of g.
2, 3, 19, 29
What are the prime factors of (-485736)/(-7) + (581/(-49) - -11)?
2, 3, 5, 257
Suppose -4*h = -0*u + 3*u - 1807, -3*h + 3*u + 1329 = 0. Let w =